 1251486?
False
Does 23 divide 764681?
True
Is 123340 a multiple of 421?
False
Is 29008 a multiple of 3?
False
Is 5121 a multiple of 9?
True
Does 182 divide 6127030?
True
Is 240424 a multiple of 73?
False
Does 57 divide 469980?
False
Is 10782744 a multiple of 84?
True
Is 735196 a multiple of 10?
False
Is 438858 a multiple of 387?
True
Is 38 a factor of 1818718?
True
Is 2973424 a multiple of 38?
True
Is 82960 a multiple of 80?
True
Is 5 a factor of 12968?
False
Does 99 divide 636160?
False
Is 2309880 a multiple of 60?
True
Does 55 divide 439120?
True
Does 21 divide 4433625?
True
Is 28758 a multiple of 6?
True
Does 17 divide 4235842?
False
Does 7 divide 15752?
False
Does 3 divide 87002?
False
Does 30 divide 645870?
True
Does 10 divide 5928932?
False
Does 540 divide 1694520?
True
Does 1136 divide 25014720?
True
Is 146 a factor of 219876?
True
Is 77 a factor of 140140?
True
Is 147561 a multiple of 290?
False
Is 9 a factor of 31932?
True
Is 31 a factor of 7380?
False
Does 232 divide 3366088?
True
Is 3564 a multiple of 2?
True
Is 5 a factor of 58342?
False
Is 429 a factor of 486386?
False
Is 295500 a multiple of 8?
False
Is 20 a factor of 1346005?
False
Does 174 divide 80214?
True
Is 20 a factor of 182320?
True
Does 23 divide 20861092?
True
Does 198 divide 743663?
False
Is 35 a factor of 1024810?
False
Does 178 divide 152012?
True
Is 419 a factor of 1722876?
False
Does 318 divide 4261989?
False
Is 49 a multiple of 2?
False
Is 9 a factor of 5331517?
False
Does 12 divide 303588?
True
Is 78283 a multiple of 320?
False
Is 9184410 a multiple of 738?
True
Is 13 a factor of 16221985?
True
Does 14 divide 2696346?
False
Does 116 divide 3240309?
False
Is 1545853 a multiple of 447?
False
Does 3 divide 2662521?
True
Is 122400 a multiple of 160?
True
Does 21 divide 24505?
False
Is 3919 a multiple of 95?
False
Is 5 a factor of 53850?
True
Does 162 divide 128086?
False
Is 711741 a multiple of 639?
False
Is 1413455 a multiple of 18?
False
Is 13 a factor of 40?
False
Does 41 divide 21320?
True
Is 2852236 a multiple of 28?
False
Is 79785 a multiple of 197?
True
Is 277 a factor of 1805851?
False
Is 334144 a multiple of 32?
True
Is 4279 a multiple of 8?
False
Does 289 divide 85329?
False
Is 6 a factor of 2486673?
False
Does 8 divide 10662?
False
Is 578195 a multiple of 197?
True
Is 168 a factor of 1971816?
True
Is 16308162 a multiple of 169?
True
Does 14 divide 567694?
False
Is 905495 a multiple of 470?
False
Is 14076924 a multiple of 13?
False
Is 818910 a multiple of 405?
True
Is 123552 a multiple of 54?
True
Is 1163250 a multiple of 66?
True
Does 545 divide 21578185?
True
Is 730031 a multiple of 17?
True
Does 16 divide 291319?
False
Is 138 a factor of 6345386?
False
Does 18 divide 4882000?
False
Is 1121 a factor of 2551396?
True
Is 862 a factor of 1770548?
True
Does 28 divide 162743?
False
Does 195 divide 191490?
True
Is 2010414 a multiple of 6?
True
Is 25 a factor of 340775?
True
Is 142 a factor of 102382?
True
Does 2 divide 4024?
True
Does 112 divide 4112671?
False
Does 109 divide 473169?
True
Is 47 a factor of 400816?
True
Is 38 a factor of 2207420?
True
Is 115 a factor of 169584?
False
Does 427 divide 978614?
False
Does 3 divide 432536?
False
Is 4299960 a multiple of 21?
True
Does 81 divide 1827765?
True
Is 282172 a multiple of 583?
True
Is 67170 even?
True
Does 6 divide 54433?
False
Does 33 divide 229911?
True
Is 1686060 a multiple of 153?
True
Does 17 divide 33415?
False
Is 34 a factor of 61914?
True
Does 13 divide 2022124?
True
Is 3427 a multiple of 10?
False
Is 305514 a multiple of 745?
False
Is 1541828 a multiple of 92?
True
Does 185 divide 391090?
True
Is 148209 a multiple of 5?
False
Does 27 divide 2727?
True
Does 25 divide 53700?
True
Is 390789 a multiple of 7?
True
Is 194752 a multiple of 8?
True
Is 394902 a multiple of 131?
False
Is 25 a factor of 23808150?
True
Is 14 a factor of 9162984?
False
Does 13 divide 28639?
True
Is 4694506 a multiple of 369?
False
Is 54 a factor of 1273968?
True
Is 10671070 a multiple of 982?
False
Is 452 a factor of 549180?
True
Does 1751 divide 6874533?
False
Does 241 divide 74951?
True
Is 10552008 a multiple of 5?
False
Does 91 divide 335070?
False
Is 4872463 a multiple of 87?
False
Is 5006400 a multiple of 600?
True
Is 40 a factor of 498834?
False
Does 147 divide 3918579?
True
Does 82 divide 185094?
False
Is 784231 a multiple of 23?
True
Is 141 a factor of 3227197?
False
Is 6 a factor of 15496866?
True
Does 12 divide 1979653?
False
Does 304 divide 160512?
True
Is 523162 a multiple of 5?
False
Is 23330772 a multiple of 614?
True
Does 27 divide 25029?
True
Is 168 a factor of 44950?
False
Does 36 divide 6993295?
False
Does 18 divide 142470?
True
Is 4313398 a multiple of 55?
False
Is 3 a factor of 24937?
False
Is 138960 a multiple of 240?
True
Is 1716819 a multiple of 161?
False
Does 127 divide 377698?
True
Does 13 divide 356770?
False
Does 71 divide 777321?
False
Does 20 divide 68980?
True
Is 3412015 a multiple of 7?
False
Is 385575 a multiple of 75?
True
Does 11 divide 179971?
True
Is 452 a factor of 935188?
True
Is 521 a factor of 3034223?
False
Is 36 a factor of 263289?
False
Does 74 divide 445548?
False
Is 1579 a factor of 8507637?
False
Does 19 divide 2912852?
True
Is 434976 a multiple of 16?
True
Is 43 a factor of 23091?
True
Does 97 divide 4656?
True
Is 36779820 a multiple of 330?
True
Is 9 a factor of 45153?
True
Is 99 a factor of 82998?
False
Is 478 a factor of 895772?
True
Is 27 a factor of 548640?
True
Is 4204863 a multiple of 39?
True
Is 42 a factor of 50549?
False
Is 198759 a multiple of 112?
False
Does 31 divide 12008394?
False
Is 80 a factor of 5961870?
False
Is 200 a factor of 2484?
False
Is 540000 a multiple of 30?
True
Does 17 divide 1851089?
False
Does 71 divide 784053?
True
Is 21 a factor of 53972?
False
Does 76 divide 48260?
True
Is 553934 a multiple of 13?
False
Does 166 divide 336851?
False
Is 143313 a multiple of 69?
True
Is 328 a factor of 294544?
True
Does 174 divide 7983120?
True
Is 91665 a multiple of 135?
True
Is 55 a factor of 170335?
True
Is 16641 a multiple of 10?
False
Does 133 divide 115843?
True
Is 19 a factor of 529435?
True
Is 30 a factor of 57420?
True
Does 36 divide 617359?
False
Is 292270 a multiple of 10?
True
Does 337 divide 8240324?
True
Is 82 a factor of 244799?
False
Is 7 a factor of 37247?
True
Does 23 divide 3177197?
True
Is 19 a factor of 12939?
True
Is 495 a factor of 4329765?
True
Does 11 divide 73678?
True
Is 112 a factor of 130480?
True
Is 11 a factor of 82786?
True
Is 363400 a multiple of 5?
True
Is 155248 a multiple of 540?
False
Is 16 a factor of 2160400?
True
Is 6369753 a multiple of 13?
True
Is 36 a factor of 3256315?
False
Is 15 a factor of 1166805?
True
Is 56 a factor of 39619?
False
Does 616 divide 204241?
False
Does 31 divide 129084?
True
Is 515 a factor of 166345?
True
Is 1767688 a multiple of 19?
False
Is 24 a factor of 756905?
False
Is 5 a factor of 707985?
True
Does 372 divide 253846?
False
Is 120063 a multiple of 93?
True
Is 1061388 a multiple of 12?
True
Does 7 divide 7365?
False
Is 3151206 a multiple of 3?
True
Is 3804632 a multiple of 193?
False
Does 969 divide 424422?
True
Is 4156006 a multiple of 6?
False
Is 19 a factor of 11879104?
True
Is 6292725 a multiple of 96?
False
Is 4837085 a multiple of 4?
False
Does 5 divide 182563?
False
Is 2440512 a multiple of 19?
True
Is 124 a factor of 8432?
True
Does 10 divide 3247760?
True
Does 15 divide 232556?
False
Is 6376 a multiple of 135?
False
Is 1291854 a multiple of 6?
True
Is 127 a factor of 860298?
True
Does 10 divide 182850?
True
Is 543 a factor of 199824?
True
Does 14 divide 4172?
True
Is 708985 a multiple of 95?
True
Is 14 a factor of 9428139?
False
Is 104 a factor of 7364032?
True
Is 1300975 a multiple of 325?
True
Does 6 divide 1393793?
False
Is 949 a factor of 3971111?
False
Does 53 divide 49131?
True
Is 741175 a multiple of 23?
True
Does 156 divide 184236?
True
Is 32 a factor of 147415?
False
Is 84 a factor of 61883?
False
Is 91 a factor of 559263?
False
Is 666804 a multiple of 181?
True
Does 8 divide 31141?
False
Is 4 a factor of 116134?
False
Does 58 divide 419398?
True
Does 18 divide 90160?
False
Is 23 a factor of 785302?
False
Is 10 a factor of 167150?
True
Is 121247 a multiple of 2?
False
Is 152